 when 2186 is divided by 302?
72
What is the remainder when 27413 is divided by 422?
405
Calculate the remainder when 387 is divided by 63.
9
What is the remainder when 3426 is divided by 590?
476
Calculate the remainder when 1968 is divided by 412.
320
Calculate the remainder when 2129 is divided by 191.
28
What is the remainder when 36991 is divided by 370?
361
Calculate the remainder when 9845 is divided by 127.
66
What is the remainder when 113228 is divided by 37742?
2
What is the remainder when 107941 is divided by 84?
1
Calculate the remainder when 131163 is divided by 14.
11
Calculate the remainder when 3855166 is divided by 736.
734
Calculate the remainder when 7509 is divided by 2499.
12
What is the remainder when 45121 is divided by 214?
181
What is the remainder when 190356 is divided by 228?
204
What is the remainder when 142582 is divided by 83?
71
Calculate the remainder when 4885 is divided by 167.
42
Calculate the remainder when 84992 is divided by 145.
22
What is the remainder when 74231 is divided by 15?
11
What is the remainder when 21514 is divided by 34?
26
What is the remainder when 124104 is divided by 62040?
24
Calculate the remainder when 142823 is divided by 123.
20
Calculate the remainder when 1292217 is divided by 466.
465
Calculate the remainder when 17049 is divided by 328.
321
What is the remainder when 2906 is divided by 928?
122
Calculate the remainder when 4913 is divided by 13.
12
What is the remainder when 151708 is divided by 75840?
28
What is the remainder when 32100 is divided by 845?
835
What is the remainder when 6621 is divided by 1080?
141
Calculate the remainder when 246750 is divided by 123372.
6
Calculate the remainder when 1579 is divided by 5.
4
What is the remainder when 186987 is divided by 136?
123
Calculate the remainder when 407460 is divided by 331.
330
Calculate the remainder when 3537 is divided by 91.
79
What is the remainder when 5468 is divided by 785?
758
What is the remainder when 1739 is divided by 281?
53
What is the remainder when 169592 is divided by 328?
16
What is the remainder when 451781 is divided by 112921?
97
Calculate the remainder when 13903 is divided by 231.
43
What is the remainder when 4033 is divided by 15?
13
What is the remainder when 5019 is divided by 678?
273
Calculate the remainder when 41556 is divided by 183.
15
What is the remainder when 85287 is divided by 17053?
22
What is the remainder when 166169 is divided by 55372?
53
Calculate the remainder when 42260 is divided by 34.
32
Calculate the remainder when 173977 is divided by 15.
7
Calculate the remainder when 59445 is divided by 89.
82
Calculate the remainder when 63553 is divided by 18.
13
What is the remainder when 54142 is divided by 27063?
16
What is the remainder when 7818 is divided by 711?
708
What is the remainder when 18163 is divided by 629?
551
What is the remainder when 17527 is divided by 4333?
195
What is the remainder when 12071 is divided by 63?
38
Calculate the remainder when 90041 is divided by 1155.
1106
What is the remainder when 41483 is divided by 44?
35
Calculate the remainder when 2101 is divided by 417.
16
What is the remainder when 4742 is divided by 61?
45
What is the remainder when 480 is divided by 185?
110
Calculate the remainder when 50325 is divided by 106.
81
What is the remainder when 524 is divided by 115?
64
What is the remainder when 477314 is divided by 45?
44
Calculate the remainder when 8516 is divided by 258.
2
What is the remainder when 2853 is divided by 18?
9
What is the remainder when 47879 is divided by 9?
8
What is the remainder when 285119 is divided by 99?
98
What is the remainder when 16232 is divided by 7?
6
Calculate the remainder when 17902 is divided by 36.
10
Calculate the remainder when 21590 is divided by 270.
260
Calculate the remainder when 85305 is divided by 92.
21
What is the remainder when 116826 is divided by 27?
24
Calculate the remainder when 798 is divided by 205.
183
What is the remainder when 10106 is divided by 5020?
66
Calculate the remainder when 642 is divided by 30.
12
Calculate the remainder when 134629 is divided by 5609.
13
What is the remainder when 112253 is divided by 188?
17
Calculate the remainder when 259997 is divided by 16.
13
Calculate the remainder when 5443 is divided by 12.
7
Calculate the remainder when 22389 is divided by 19.
7
Calculate the remainder when 5806 is divided by 2876.
54
Calculate the remainder when 5513 is divided by 90.
23
Calculate the remainder when 58104 is divided by 894.
888
Calculate the remainder when 155933 is divided by 342.
323
Calculate the remainder when 2437 is divided by 366.
241
What is the remainder when 190488 is divided by 27?
3
Calculate the remainder when 5059 is divided by 145.
129
Calculate the remainder when 198669 is divided by 48.
45
What is the remainder when 45125 is divided by 792?
773
Calculate the remainder when 5655 is divided by 931.
69
What is the remainder when 698 is divided by 462?
236
What is the remainder when 87109 is divided by 29036?
1
Calculate the remainder when 5847 is divided by 2903.
41
What is the remainder when 27255 is divided by 3?
0
What is the remainder when 2509 is divided by 127?
96
Calculate the remainder when 20464 is divided by 1449.
178
What is the remainder when 73913 is divided by 18474?
17
What is the remainder when 10123 is divided by 175?
148
Calculate the remainder when 206799 is divided by 110.
109
Calculate the remainder when 8871 is divided by 2212.
23
Calculate the remainder when 90280 is divided by 302.
284
What is the remainder when 10461 is divided by 48?
45
What is the remainder when 25690 is divided by 4272?
58
What is the remainder when 9902 is divided by 30?
2
What is the remainder when 51142 is divided by 188?
6
Calculate the remainder when 24986 is divided by 132.
38
Calculate the remainder when 206446 is divided by 465.
451
What is the remainder when 1267437 is divided by 118?
117
What is the remainder when 9535 is divided by 4679?
177
Calculate the remainder when 42952 is divided by 39.
13
Calculate the remainder when 1763 is divided by 653.
457
Calculate the remainder when 16044 is divided by 51.
30
What is the remainder when 136126 is divided by 64?
62
What is the remainder when 14701 is divided by 7197?
307
Calculate the remainder when 638164 is divided by 757.
13
What is the remainder when 42546 is divided by 39?
36
Calculate the remainder when 26009 is divided by 9.
8
Calculate the remainder when 2426399 is divided by 9.
8
Calculate the remainder when 320095 is divided by 1085.
20
What is the remainder when 165310 is divided by 126?
124
What is the remainder when 805163 is divided by 14?
9
Calculate the remainder when 36761 is divided by 22.
21
What is the remainder when 165008 is divided by 220?
8
Calculate the remainder when 566191 is divided by 49.
45
Calculate the remainder when 124014 is divided by 62000.
14
Calculate the remainder when 79422 is divided by 3782.
0
Calculate the remainder when 824 is divided by 72.
32
Calculate the remainder when 211070 is divided by 399.
398
What is the remainder when 16221 is divided by 104?
101
Calculate the remainder when 6198 is divided by 59.
3
What is the remainder when 10608 is divided by 663?
0
What is the remainder when 1919909 is divided by 30?
29
What is the remainder when 384 is divided by 94?
8
Calculate the remainder when 308077 is divided by 16.
13
What is the remainder when 5384444 is divided by 256?
252
Calculate the remainder when 472629 is divided by 405.
399
Calculate the remainder when 9732804 is divided by 1197.
1194
What is the remainder when 11992 is divided by 2981?
68
Calculate the remainder when 54581 is divided by 437.
393
Calculate the remainder when 114443 is divided by 14304.
11
Calculate the remainder when 27196 is divided by 2471.
15
What is the remainder when 4419 is divided by 886?
875
What is the remainder when 758000 is divided by 564?
548
Calculate the remainder when 75686 is divided by 522.
518
Calculate the remainder when 2762 is divided by 1898.
864
What is the remainder when 12071 is divided by 250?
71
Calculate the remainder when 21537 is divided by 178.
177
Calculate the remainder when 33813 is divided by 16905.
3
What is the rema